t is the units digit of 12/(-9)*(-9189)/12?
1
Suppose -u + 5*u + 4 = 0. Let n = 11 + u. What is the tens digit of n?
1
Let r(i) = i**3 + 4*i**2 - 8*i. Suppose -5*m - 31 = -4*q - 4, 30 = -5*m + 5*q. What is the units digit of r(m)?
3
Suppose -4*u - 21 = -57. What is the units digit of 12 - ((4 - u) + 8)?
9
Suppose -7*m + 324 = -334. Suppose -5*s + m = 2*x, 3*x = s - 0*s + 158. What is the units digit of x?
2
Let r be 3*2/12*6. What is the units digit of 74 + 0/r + 2?
6
Let g(q) = -q**2 - 9*q + 2. Let i be g(-9). Let v be -12*(1 + (-3)/i). What is the tens digit of 57 - v - (2 - 3)?
5
Let v(m) = 3*m**3 - 4*m**2 + 13*m - 28. What is the hundreds digit of v(4)?
1
Suppose 6*w - 3000 = 2982. What is the units digit of w?
7
Suppose -7*w = -3352 - 1870. What is the hundreds digit of w?
7
What is the units digit of (-8656)/(-10) + (-46)/(-115) + -4?
2
Let b = 574 - 352. What is the hundreds digit of b?
2
Let g(w) = 6*w**3 + w**2 - 3*w + 3. What is the units digit of g(2)?
9
Suppose 4*o - 29 - 3 = 0. Let p = 12 - o. Suppose -12 = -4*n + 4*s, n - 4 = p*s + 5. What is the units digit of n?
1
Suppose -4*b - 2083 = -3*l - 5141, -b + 760 = -3*l. What is the hundreds digit of b?
7
Let l(s) = -4*s**3 + s**2 + s + 15. Let h(d) = -3*d**3 + d**2 + d + 15. Suppose -3*w + 2 = -4*w. Let f(c) = w*l(c) + 3*h(c). What is the tens digit of f(0)?
1
Suppose -a + h = -12, -5*a + 6 + 49 = -4*h. Let w be a + -1 + (6 - 4). Let k = 2 + w. What is the units digit of k?
0
Let q be 7 + -2*12/8. Suppose -4*f + 3*f - q*s = -175, f - 135 = 4*s. What is the units digit of f?
5
Suppose 2*x - 5 = 5. Suppose 46 = x*i + 1. What is the units digit of i?
9
Let v(t) = -130*t + 845. What is the tens digit of v(-12)?
0
What is the tens digit of (-1 + -269)*736/(-230)?
6
Let m = -2343 + 4020. What is the thousands digit of m?
1
Suppose 13427 = m + 28*m. What is the hundreds digit of m?
4
What is the units digit of 1 + 20/(-14) - 53703/(-63)?
2
Let x(f) = -12*f - 18. Suppose -17 = -k - 5*s, 3*k - 5*k + 4 = 4*s. What is the tens digit of x(k)?
7
Let p(k) = -k**2 - k. Let d be (2/2)/(2/2). Let g be p(d). Let v = g - -3. What is the units digit of v?
1
Suppose -19*b = -23*b - 16. What is the hundreds digit of 10/b*928/(-10)?
2
What is the tens digit of (-32)/272 - 820/(-34)?
2
Let i(m) = -113*m - 180. What is the hundreds digit of i(-23)?
4
What is the units digit of (-2 - (-1438)/3)/(11/33)?
2
Let a = -41 + 73. Let j = 44 - a. What is the tens digit of j?
1
Suppose 4*l - j - 4*j + 9 = 0, -2*j - 10 = -5*l. Let b be (38 - 19) + l/(-1). Suppose -y = -49 + b. What is the tens digit of y?
3
Suppose -2*f - 64 - 76 = 2*g, 5*g + 208 = -3*f. Let i = 73 + f. What is the units digit of i?
2
Suppose 4*f + 11*g - 13*g = 7734, 4*f - g - 7735 = 0. What is the tens digit of f?
3
Let i(h) = h**2 + 5*h - 17. Let n be i(-7). Let o be -65*(-4 + (0 - n)). Suppose o = -30*l + 35*l. What is the tens digit of l?
1
Let y(p) = p**2 - 9*p - 19. Let z be y(9). Suppose 0 = -3*t + 5*d - 10 + 88, 2*d = t - 26. Let q = z + t. What is the units digit of q?
7
Suppose 0*x + 471 = -3*x. Let l = x + 64. What is the units digit of 2/(-2 + (-192)/l)?
1
Suppose -2*b - 13 - 3243 = -2*y, -b + 8122 = 5*y. What is the tens digit of y?
2
What is the hundreds digit of 70/(-28)*(-29672)/20?
7
Suppose 5*m = -337 - 48. Let f = 134 + m. Suppose u - f = -2*u. What is the tens digit of u?
1
Let p be ((-1)/2)/(15/(-90)). Suppose -v - 8 = 3*u, -3*u = p*v - v + 28. What is the tens digit of (152/v)/(4/(-10))?
1
Let b(g) = 1. Let f(y) = -y - 8. Let m(p) = -24*b(p) - 3*f(p). Let n(t) = -2*t. Let u(x) = -6*m(x) - 13*n(x). What is the units digit of u(3)?
4
Suppose -3*u + 4*c + 5328 = -1831, 5*u - 11955 = 2*c. What is the thousands digit of u?
2
Suppose 14*i = 1162 + 798. What is the units digit of i?
0
Suppose -5*n + 3*q = -2*n + 33, 3*n + 5*q + 33 = 0. Let w(x) = -x**2 - x - 10. Let g be w(3). Let j = n - g. What is the units digit of j?
1
Let m = 11048 + -5556. What is the units digit of m?
2
Let q = -7124 + 10279. What is the tens digit of q?
5
What is the tens digit of 134/(-7)*(-12)/(108/63)?
3
Suppose -4 = -q + 12. Suppose q*l - 138 = 14*l. What is the tens digit of l?
6
What is the units digit of (-152)/114 + 9188/6 + 1?
1
Let z(w) = 7*w**2 - 12*w + 6. What is the tens digit of z(9)?
6
Let p(i) be the second derivative of i**4/12 - 5*i**3/6 + 7*i**2/2 - i. Let h = 308 + -306. What is the units digit of p(h)?
1
Let j(a) = 1377*a**2 - 44*a - 44. What is the hundreds digit of j(-1)?
3
Let d be (0 + 1)*(-4 + 33). Let a = 19 + -26. What is the units digit of d/2 - a/(-14)?
4
Let n be 104/28 - 4/(-14). Suppose 0 = -5*y + q + 168, -y - n*q = 4*y - 178. Let i = y + 15. What is the tens digit of i?
4
Suppose 0 = 4*o + 3*q - 263, -q + 0*q = -5. Suppose -3*g + 19 = 2*w - o, 0 = w + 4*g - 48. What is the units digit of w?
6
Let b(x) = -72*x**3 + 1. Let d(n) = -n**3 - 4*n**2 - 1. Let t be d(-4). Let z be b(t). Let o = -42 + z. What is the tens digit of o?
3
Suppose 141 = u - 67. Suppose -u = 6*q + 2*q. Let j = 41 + q. What is the tens digit of j?
1
Let j be 2 + (-6106)/(-18) + 2/(-9). Suppose b = 3*y + 157, 2*b - j = -5*y - 16. What is the units digit of b?
0
Suppose -14*b - 529 = -15*b. Let w = -220 + b. What is the hundreds digit of w?
3
Suppose 3*y - 1370 = 8*f - 13*f, 5*y + f - 2298 = 0. What is the hundreds digit of y?
4
Let p(f) = -f**2 + 5*f - 3. Let t be p(2). Let w be ((-5)/t)/((-7)/21). Suppose 25 = w*c - 150. What is the tens digit of c?
3
Let x be 7854/(-12) - (-3)/(-6). Suppose 2*m = -5*t + 7*m - 35, t - 4*m = -13. What is the units digit of x/(-25) - (-1)/t?
6
Suppose 4*u - 6*u + 378 = 0. Suppose 0 = -34*g + 33*g + u. What is the tens digit of g?
8
Let g = 724 - -805. What is the tens digit of g?
2
Let m be 0/(4 + -3 + 1). Suppose m = 5*u - 173 - 152. What is the units digit of u?
5
Suppose -4*q - 231*o = -226*o - 8668, 0 = -4*q - 4*o + 8668. What is the units digit of q?
7
Let z(v) = 15*v - 20. Let f be z(8). Suppose -f = -c + 5*r, 0 = c + 3*r + 2*r - 60. What is the units digit of c?
0
Let j = 1 - 1. Suppose j*o = -8*o + 672. What is the units digit of o?
4
Let t(v) = 97*v**2 - 45*v + 241. What is the tens digit of t(5)?
4
Suppose x - 3*z - 853 = 0, -2*x - 5*z + 3446 = 2*x. What is the hundreds digit of x?
8
Let o(w) = 2*w + 16. Let k be o(-7). What is the tens digit of (-1258)/(-22) - k/11?
5
Let v(l) = 3*l**2 + 9*l + 20. Let h be v(-8). Suppose 3*d = h - 20. What is the tens digit of d?
4
Suppose -9*g + 1416 = -5*g. What is the hundreds digit of g?
3
Suppose 0 = 64*s - 56*s - 8920. What is the thousands digit of s?
1
Let m(p) = 16*p**2 - 2*p + 2621. What is the thousands digit of m(0)?
2
Suppose 0 = 5*v + 5*b - 4555, 1312 = -2*v - b + 3131. Let m be v/6 + (-18)/(-27). Suppose 0 = 5*p - 18 - m. What is the units digit of p?
4
Suppose -1534 + 11439 = 5*j. What is the thousands digit of j?
1
Let j = 14440 - 10093. What is the hundreds digit of j?
3
Suppose 2002*p - 5136 = 1998*p. What is the units digit of p?
4
What is the hundreds digit of ((-6)/9 - (-64)/48)*3075?
0
Suppose 3*g + 66 = s - 165, 0 = -5*g + 2*s - 385. Let d = 138 + g. What is the units digit of d?
1
Suppose 4*x - 346 = -3*d + 2*x, 3*d - 5*x - 332 = 0. Suppose -u + d = 4*y, -5*y = -20 - 5. What is the tens digit of u?
9
Let b be (0/4 - 4) + 6. What is the units digit of b/(-11) + (-3210)/(-110)?
9
Suppose h - 5945 = -4*h - 4*g, -4756 = -4*h + 5*g. What is the tens digit of h?
8
Suppose 2*f = 3*m + f + 68, -f - 4 = 0. Let v = m - -67. What is the tens digit of v?
4
Let t = 420 + 792. Suppose -t = -98*c + 92*c. What is the tens digit of c?
0
Suppose 0 = 2*z - 2*x + 32, 4*z - z + 56 = x. Let m be (136/z + 3)*-5. Let y = m - 8. What is the units digit of y?
1
What is the units digit of 24/10*(16000/30)/8?
0
What is the hundreds digit of 7 + -5 + (-2 - -1294)?
2
Let h(u) = 584*u - 8. What is the units digit of h(1)?
6
Let c = -69 - -97. Let b = c + 146. What is the tens digit of b?
7
Suppose 0 = 3*i + 2*i - 85. Let r(a) = a**3 - 13*a**2 - 16. Let s be r(13). Let v = i + s. What is the units digit of v?
1
Let j(k) = 6*k**3 + 3*k**2 - k - 1. Let z be j(2). Let g be 152/z + (-2)/(-6). What is the units digit of g*-26*(-13)/39?
6
What is the units digit of 0 + (2 - (-510 + 0 + 2))?
0